when 365 is divided by 23.
20
What is the remainder when 35 is divided by 21?
14
What is the remainder when 507 is divided by 165?
12
What is the remainder when 1008 is divided by 256?
240
Calculate the remainder when 553 is divided by 95.
78
What is the remainder when 628 is divided by 105?
103
What is the remainder when 23 is divided by 17?
6
What is the remainder when 947 is divided by 17?
12
Calculate the remainder when 1126 is divided by 161.
160
What is the remainder when 993 is divided by 200?
193
What is the remainder when 373 is divided by 48?
37
What is the remainder when 387 is divided by 383?
4
What is the remainder when 984 is divided by 13?
9
Calculate the remainder when 1016 is divided by 14.
8
Calculate the remainder when 1015 is divided by 12.
7
Calculate the remainder when 121 is divided by 46.
29
Calculate the remainder when 98 is divided by 93.
5
Calculate the remainder when 231 is divided by 4.
3
Calculate the remainder when 130 is divided by 40.
10
What is the remainder when 87 is divided by 10?
7
What is the remainder when 6710 is divided by 280?
270
Calculate the remainder when 362 is divided by 59.
8
What is the remainder when 2990 is divided by 44?
42
What is the remainder when 666 is divided by 142?
98
What is the remainder when 458 is divided by 226?
6
Calculate the remainder when 280 is divided by 187.
93
Calculate the remainder when 215 is divided by 99.
17
What is the remainder when 115 is divided by 4?
3
What is the remainder when 3531 is divided by 16?
11
What is the remainder when 363 is divided by 78?
51
Calculate the remainder when 300 is divided by 17.
11
Calculate the remainder when 1419 is divided by 24.
3
What is the remainder when 491 is divided by 11?
7
What is the remainder when 599 is divided by 75?
74
Calculate the remainder when 1833 is divided by 18.
15
Calculate the remainder when 296 is divided by 27.
26
Calculate the remainder when 139 is divided by 5.
4
Calculate the remainder when 302 is divided by 145.
12
What is the remainder when 475 is divided by 15?
10
What is the remainder when 199 is divided by 29?
25
Calculate the remainder when 616 is divided by 141.
52
What is the remainder when 649 is divided by 209?
22
What is the remainder when 4395 is divided by 100?
95
What is the remainder when 454 is divided by 24?
22
Calculate the remainder when 256 is divided by 12.
4
Calculate the remainder when 1137 is divided by 143.
136
What is the remainder when 178 is divided by 47?
37
What is the remainder when 197 is divided by 93?
11
Calculate the remainder when 114 is divided by 13.
10
Calculate the remainder when 260 is divided by 42.
8
What is the remainder when 610 is divided by 50?
10
Calculate the remainder when 277 is divided by 14.
11
What is the remainder when 1074 is divided by 11?
7
Calculate the remainder when 2999 is divided by 8.
7
Calculate the remainder when 4298 is divided by 239.
235
What is the remainder when 2124 is divided by 33?
12
What is the remainder when 877 is divided by 105?
37
What is the remainder when 257 is divided by 24?
17
Calculate the remainder when 72 is divided by 64.
8
Calculate the remainder when 135 is divided by 17.
16
What is the remainder when 2687 is divided by 1328?
31
What is the remainder when 593 is divided by 66?
65
What is the remainder when 574 is divided by 124?
78
Calculate the remainder when 286 is divided by 73.
67
Calculate the remainder when 415 is divided by 67.
13
What is the remainder when 453 is divided by 166?
121
Calculate the remainder when 2437 is divided by 24.
13
What is the remainder when 213 is divided by 54?
51
What is the remainder when 1731 is divided by 102?
99
Calculate the remainder when 344 is divided by 69.
68
Calculate the remainder when 730 is divided by 188.
166
What is the remainder when 7 is divided by 2?
1
What is the remainder when 837 is divided by 30?
27
Calculate the remainder when 511 is divided by 8.
7
Calculate the remainder when 706 is divided by 175.
6
What is the remainder when 266 is divided by 50?
16
What is the remainder when 8459 is divided by 20?
19
What is the remainder when 2914 is divided by 81?
79
Calculate the remainder when 1035 is divided by 14.
13
Calculate the remainder when 179 is divided by 31.
24
Calculate the remainder when 1159 is divided by 40.
39
What is the remainder when 425 is divided by 133?
26
What is the remainder when 178 is divided by 104?
74
Calculate the remainder when 1040 is divided by 21.
11
Calculate the remainder when 71 is divided by 39.
32
What is the remainder when 11304 is divided by 3764?
12
Calculate the remainder when 648 is divided by 290.
68
Calculate the remainder when 40 is divided by 9.
4
Calculate the remainder when 20 is divided by 6.
2
Calculate the remainder when 114 is divided by 63.
51
Calculate the remainder when 193 is divided by 135.
58
Calculate the remainder when 1919 is divided by 952.
15
What is the remainder when 32 is divided by 32?
0
Calculate the remainder when 817 is divided by 91.
89
Calculate the remainder when 165 is divided by 40.
5
What is the remainder when 108 is divided by 87?
21
What is the remainder when 99 is divided by 26?
21
What is the remainder when 3206 is divided by 292?
286
Calculate the remainder when 819 is divided by 43.
2
Calculate the remainder when 20 is divided by 12.
8
What is the remainder when 1122 is divided by 65?
17
What is the remainder when 1666 is divided by 12?
10
What is the remainder when 50 is divided by 18?
14
What is the remainder when 22397 is divided by 14?
11
Calculate the remainder when 56712 is divided by 15.
12
Calculate the remainder when 62 is divided by 44.
18
What is the remainder when 4 is divided by 3?
1
Calculate the remainder when 3066 is divided by 13.
11
Calculate the remainder when 117 is divided by 30.
27
What is the remainder when 622 is divided by 30?
22
Calculate the remainder when 1424 is divided by 57.
56
What is the remainder when 250 is divided by 55?
30
What is the remainder when 1412 is divided by 118?
114
Calculate the remainder when 102 is divided by 7.
4
Calculate the remainder when 106 is divided by 23.
14
What is the remainder when 1498 is divided by 58?
48
What is the remainder when 365 is divided by 115?
20
Calculate the remainder when 1892 is divided by 24.
20
What is the remainder when 376 is divided by 16?
8
What is the remainder when 45 is divided by 23?
22
Calculate the remainder when 1454 is divided by 91.
89
What is the remainder when 93 is divided by 16?
13
Calculate the remainder when 959 is divided by 30.
29
What is the remainder when 2630 is divided by 90?
20
What is the remainder when 336 is divided by 55?
6
What is the remainder when 463 is divided by 113?
11
Calculate the remainder when 251 is divided by 18.
17
What is the remainder when 220 is divided by 68?
16
Calculate the remainder when 308 is divided by 60.
8
Calculate the remainder when 108 is divided by 34.
6
Calculate the remainder when 95 is divided by 43.
9
Calculate the remainder when 950 is divided by 203.
138
Calculate the remainder when 3091 is divided by 13.
10
Calculate the remainder when 153 is divided by 12.
9
What is the remainder when 665 is divided by 7?
0
Calculate the remainder when 369 is divided by 102.
63
Calculate the remainder when 124 is divided by 38.
10
What is the remainder when 4509 is divided by 411?
399
Calculate the remainder when 3116 is divided by 44.
36
What is the remainder when 3596 is divided by 5?
1
What is the remainder when 129 is divided by 68?
61
What is the remainder when 205 is divided by 19?
15
What is the remainder when 1257 is divided by 84?
81
Calculate the remainder when 1698 is divided by 5.
3
Calculate the remainder when 141 is divided by 43.
12
Calculate the remainder when 558 is divided by 80.
78
What is the remainder when 609 is divided by 102?
99
What is the remainder when 1817 is divided by 166?
157
What is the remainder when 763 is divided by 90?
43
What is the remainder when 19 is divided by 5?
4
What is the remainder when 149 is divided by 31?
25
Calculate the remainder when 1116 is divided by 1106.
10
Calculate the remainder when 217 is divided by 102.
13
Calculate the remainder when 1208 is divided by 43.
4
What is the remainder when 1